st the prime factors of 5081069062.
2, 29, 87604639
List the prime factors of 122577651.
3, 7, 269, 2411
What are the prime factors of 133495007?
19, 7026053
List the prime factors of 450890748.
2, 3, 7, 11, 19, 1223
What are the prime factors of 248350361?
7, 97, 365759
What are the prime factors of 361184865?
3, 5, 1487, 16193
What are the prime factors of 406285667?
406285667
What are the prime factors of 957044066?
2, 11, 293, 148471
What are the prime factors of 285079744?
2, 29, 269, 571
What are the prime factors of 123784174?
2, 17, 3640711
What are the prime factors of 158008927?
79, 2000113
List the prime factors of 62450940.
2, 3, 5, 193, 5393
List the prime factors of 109013170.
2, 5, 7, 43, 36217
What are the prime factors of 10805690?
2, 5, 7, 29, 5323
List the prime factors of 145871319.
3, 11, 613, 7211
List the prime factors of 80279069.
13, 6175313
What are the prime factors of 251341343?
11, 22849213
List the prime factors of 277875124.
2, 97, 716173
What are the prime factors of 1852270655?
5, 2593, 142867
What are the prime factors of 35257354?
2, 11, 17, 31, 3041
What are the prime factors of 1037733760?
2, 5, 7, 33091
List the prime factors of 1799314849.
283, 6358003
What are the prime factors of 82019328?
2, 3, 26699
What are the prime factors of 176829200?
2, 5, 19, 53, 439
What are the prime factors of 217815555?
3, 5, 3307, 4391
What are the prime factors of 45584755?
5, 9116951
What are the prime factors of 49874865?
3, 5, 3324991
What are the prime factors of 733910908?
2, 183477727
What are the prime factors of 391441018?
2, 109, 1795601
List the prime factors of 80826686.
2, 40413343
List the prime factors of 883560240.
2, 3, 5, 1227167
What are the prime factors of 4974777349?
929, 5354981
What are the prime factors of 2175957083?
19, 114524057
What are the prime factors of 1014044761?
1014044761
List the prime factors of 1994465.
5, 11, 36263
List the prime factors of 435357810.
2, 3, 5, 4837309
List the prime factors of 19874187.
3, 617, 1193
What are the prime factors of 21091505?
5, 313, 13477
List the prime factors of 12643143.
3, 4214381
List the prime factors of 227069746.
2, 199, 570527
What are the prime factors of 256191615?
3, 5, 17, 334891
List the prime factors of 26623173.
3, 17, 73, 7151
List the prime factors of 78159788.
2, 7, 61, 67, 683
List the prime factors of 1185371097.
3, 229, 317, 5443
What are the prime factors of 102002811?
3, 19, 89, 20107
What are the prime factors of 35613295?
5, 2591, 2749
What are the prime factors of 1217750170?
2, 5, 7, 13, 277, 4831
What are the prime factors of 48880084?
2, 11, 19, 59, 991
List the prime factors of 63923717.
11, 13, 447019
What are the prime factors of 712034739?
3, 13, 2028589
What are the prime factors of 1286192437?
139, 311, 29753
List the prime factors of 880291202.
2, 7, 269, 233747
What are the prime factors of 467485228?
2, 7, 53, 199, 1583
What are the prime factors of 2165952441?
3, 43, 16790329
What are the prime factors of 3795631?
7, 337, 1609
List the prime factors of 24411491.
13, 467, 4021
What are the prime factors of 10239960?
2, 3, 5, 85333
List the prime factors of 5188542472.
2, 648567809
What are the prime factors of 2748325309?
4733, 580673
What are the prime factors of 5016390716?
2, 19, 6329, 10429
List the prime factors of 117577924.
2, 463, 63487
What are the prime factors of 55587621?
3, 18529207
What are the prime factors of 1159709367?
3, 386569789
What are the prime factors of 951682628?
2, 13, 53, 127, 2719
List the prime factors of 725158547.
725158547
List the prime factors of 62830892.
2, 181, 86783
List the prime factors of 129750096.
2, 3, 7, 386161
What are the prime factors of 2280624222?
2, 3, 17, 109, 205129
What are the prime factors of 770475654?
2, 3, 13, 29, 113539
List the prime factors of 112880846.
2, 13, 337, 991
List the prime factors of 18107421.
3, 181, 33347
What are the prime factors of 34254963?
3, 47, 1723
List the prime factors of 36083138.
2, 7, 13, 198259
List the prime factors of 4512122825.
5, 7, 239, 107881
List the prime factors of 2338691226.
2, 3, 181, 2153491
What are the prime factors of 1467551114?
2, 71, 113, 91459
List the prime factors of 551763162.
2, 3, 59, 519551
What are the prime factors of 116572805?
5, 23314561
List the prime factors of 238852518.
2, 3, 39808753
What are the prime factors of 799671433?
11, 29, 2506807
What are the prime factors of 1609810929?
3, 19, 59, 17729
List the prime factors of 2205623850.
2, 3, 5, 14704159
What are the prime factors of 2181371181?
3, 11, 73, 263, 313
What are the prime factors of 3901736392?
2, 487717049
List the prime factors of 33369897.
3, 11, 239, 4231
What are the prime factors of 49642646?
2, 3229, 7687
List the prime factors of 543736766.
2, 271868383
List the prime factors of 181645646.
2, 7, 13, 17, 8387
List the prime factors of 34212711.
3, 13, 19, 46171
List the prime factors of 52880814.
2, 3, 7, 283, 1483
What are the prime factors of 252260374?
2, 47, 2683621
List the prime factors of 3902598.
2, 3, 7, 47, 659
List the prime factors of 661643025.
3, 5, 2617, 3371
List the prime factors of 888571201.
7, 61, 2080963
List the prime factors of 39957911.
7, 29, 196837
What are the prime factors of 1508246662?
2, 13, 58009487
What are the prime factors of 7604928?
2, 3, 163
What are the prime factors of 32339441?
32339441
List the prime factors of 574818083.
7, 82116869
What are the prime factors of 213383110?
2, 5, 19, 293, 3833
What are the prime factors of 15819930?
2, 3, 5, 7, 25111
List the prime factors of 57044371.
31, 347, 5303
What are the prime factors of 180916767?
3, 6700621
List the prime factors of 1723326098.
2, 13, 2039, 32507
List the prime factors of 42929595.
3, 5, 89, 397
List the prime factors of 19828316.
2, 457, 10847
List the prime factors of 514641462.
2, 3, 199, 337, 1279
What are the prime factors of 30529634?
2, 29, 526373
List the prime factors of 526040779.
11, 47, 199, 5113
What are the prime factors of 2197100510?
2, 5, 11, 31, 137, 4703
List the prime factors of 1725762.
2, 3, 43, 6689
What are the prime factors of 1011670065?
3, 5, 7, 23, 47, 2971
What are the prime factors of 195392517?
3, 29, 79, 28429
List the prime factors of 1855448185.
5, 371089637
List the prime factors of 198909471.
3, 61, 1086937
List the prime factors of 227435695.
5, 157, 289727
What are the prime factors of 1230941294?
2, 11, 83, 281, 2399
List the prime factors of 1621879713.
3, 17, 47, 75181
What are the prime factors of 253176623?
7, 313, 115553
List the prime factors of 66099909.
3, 22033303
List the prime factors of 54638932.
2, 1039, 13147
What are the prime factors of 2714784?
2, 3, 28279
What are the prime factors of 1718037233?
11, 23, 353, 19237
What are the prime factors of 74920213?
593, 126341
What are the prime factors of 1772939667?
3, 590979889
What are the prime factors of 3671043414?
2, 3, 10531, 58099
List the prime factors of 17832385.
5, 67, 53231
What are the prime factors of 510136794?
2, 3, 67, 131, 3229
What are the prime factors of 134074879?
41, 47, 1697
List the prime factors of 175028950.
2, 5, 19, 184241
List the prime factors of 3185555538.
2, 3, 11, 48265993
What are the prime factors of 237529847?
237529847
List the prime factors of 57594069.
3, 13, 492257
List the prime factors of 566042048.
2, 11, 13, 127, 487
What are the prime factors of 200761011?
3, 11, 19, 59, 67
List the prime factors of 3166301226.
2, 3, 11, 47974261
List the prime factors of 45228396.
2, 3, 23, 163871
What are the prime factors of 74678318?
2, 11, 13, 31, 8423
List the prime factors of 593555516.
2, 19, 7809941
List the prime factors of 87747352.
2, 7, 11, 181, 787
What are the prime factors of 20561216?
2, 13, 1901
What are the prime factors of 92706327?
3, 7, 1471529
List the prime factors of 658856848.
2, 13, 3167581
What are the prime factors of 44547932?
2, 11, 13, 19, 4099
What are the prime factors of 13537891?
13537891
What are the prime factors of 689252731?
1907, 361433
List the prime factors of 865896136.
2, 7, 881, 17551
List the prime factors of 556489122.
2, 3, 7, 31, 277, 1543
List the prime factors of 376172524.
2, 7, 13, 1033441
List the prime factors of 121383921.
3, 101, 